 13?
-110c
Convert -561 (base 7) to base 6.
-1200
2677 (base 10) to base 8
5165
-569 (base 15) to base 5
-14344
What is 759 (base 10) in base 15?
359
Convert -2005 (base 6) to base 15.
-1e2
2033 (base 5) to base 16
10c
Convert 31011 (base 7) to base 16.
1d82
-a61c (base 15) to base 14
-cb31
Convert -24033 (base 6) to base 4.
-312111
-1121222 (base 3) to base 14
-60b
-646 (base 10) to base 7
-1612
Convert 60240 (base 9) to base 7.
223230
Convert -1e12 (base 15) to base 5.
-202132
2663 (base 8) to base 3
2000001
Convert 223313 (base 4) to base 8.
5367
What is 37663 (base 10) in base 12?
19967
What is 1001110001110 (base 2) in base 7?
20411
What is 11b4 (base 13) in base 14?
cb7
-11112 (base 8) to base 12
-2862
What is 16003 (base 7) in base 14?
18aa
What is -110100010011100 (base 2) in base 4?
-12202130
What is 6513 (base 14) in base 12?
a131
-da5 (base 16) to base 14
-13b7
What is 116 (base 8) in base 10?
78
Convert 5479 (base 13) to base 15.
3741
-425a (base 12) to base 5
-213040
What is 17091 (base 12) in base 10?
32941
Convert 2045 (base 7) to base 12.
4bb
What is -cbe4 (base 15) in base 12?
-20bb1
Convert -483 (base 9) to base 5.
-3044
6361 (base 8) to base 4
303301
What is 327 (base 10) in base 3?
110010
Convert 215522 (base 6) to base 8.
43312
Convert -114131 (base 5) to base 4.
-1003003
163462 (base 7) to base 16
7ee2
Convert 25452 (base 12) to base 10.
50750
Convert 173 (base 9) to base 15.
9c
-1000100011110 (base 2) to base 14
-1850
Convert 357 (base 16) to base 12.
5b3
Convert 111001000 (base 2) to base 10.
456
Convert -4698 (base 11) to base 4.
-1200031
-5b29 (base 13) to base 5
-403004
Convert -3605 (base 7) to base 5.
-20303
-1714 (base 8) to base 9
-1300
Convert 34897 (base 10) to base 4.
20201101
What is 1373 (base 14) in base 12?
1ba1
What is -9d64 (base 16) in base 14?
-10980
Convert -6950 (base 10) to base 14.
-2766
What is 131 (base 12) in base 9?
221
Convert -4405 (base 7) to base 9.
-2137
305442 (base 6) to base 14
8d58
Convert 595 (base 16) to base 2.
10110010101
-57c (base 13) to base 11
-792
Convert 2a60 (base 15) to base 16.
2382
Convert -10014 (base 12) to base 3.
-1001110121
What is -21552 (base 7) in base 16?
-1533
What is -3112141 (base 5) in base 11?
-35292
-1200110110 (base 3) to base 8
-100565
What is 22c (base 14) in base 6?
2000
-122012 (base 3) to base 5
-3324
-3230013 (base 4) to base 8
-35407
What is 205530 (base 6) in base 14?
61c2
Convert 507 (base 9) to base 11.
345
3522 (base 10) to base 12
2056
Convert -25a32 (base 11) to base 10.
-37182
10102010 (base 4) to base 10
17540
What is -11373 (base 10) in base 3?
-120121020
-26b8 (base 14) to base 15
-2051
What is 374 (base 13) in base 2?
1001011010
1a78 (base 16) to base 11
5100
What is 208 (base 10) in base 16?
d0
What is -3a4 (base 12) in base 14?
-2ba
12535 (base 7) to base 2
110100011110
What is 127 (base 15) in base 3?
100201
Convert 111101110011 (base 2) to base 12.
2357
-2139 (base 13) to base 2
-1001000000011
aa (base 16) to base 8
252
What is 5c1 (base 13) in base 12?
6b6
3650 (base 7) to base 6
10142
Convert -1221000 (base 3) to base 9.
-1830
Convert 120446 (base 8) to base 4.
22010212
Convert 1401 (base 11) to base 10.
1816
1302 (base 13) to base 10
2706
-43010 (base 5) to base 8
-5500
-101100010 (base 2) to base 7
-1014
Convert -212000 (base 3) to base 13.
-38a
What is 202001 (base 3) in base 6?
2301
Convert -4130 (base 7) to base 11.
-10a1
What is 861 (base 12) in base 14?
637
What is -21142 (base 5) in base 7?
-4101
40144 (base 5) to base 2
100111110101
-2638 (base 9) to base 6
-13055
-7b3 (base 12) to base 15
-513
Convert -6617 (base 15) to base 5.
-1142442
Convert -1216 (base 8) to base 12.
-466
Convert 11 (base 11) to base 9.
13
Convert 19841 (base 10) to base 6.
231505
Convert 112414 (base 5) to base 15.
133e
Convert 25235 (base 8) to base 9.
15861
Convert 1030 (base 5) to base 6.
352
-4232 (base 5) to base 16
-237
What is -224452 (base 6) in base 5?
-1103214
Convert 30332 (base 4) to base 7.
2264
What is -348c (base 15) in base 3?
-120022020
745 (base 8) to base 15
225
-9c06 (base 15) to base 13
-12099
Convert 1010001001 (base 2) to base 6.
3001
What is c3c (base 13) in base 5?
31304
Convert -4203 (base 5) to base 13.
-337
What is -a479 (base 11) in base 16?
-3638
Convert a43 (base 11) to base 4.
103221
Convert 36107 (base 10) to base 16.
8d0b
403225 (base 6) to base 15
967b
What is 448 (base 14) in base 15?
3b8
Convert 6777 (base 8) to base 4.
313333
-1753 (base 14) to base 3
-12202011
-24 (base 12) to base 8
-34
Convert -1827 (base 9) to base 15.
-637
Convert 121302 (base 4) to base 8.
3162
Convert -19407 (base 10) to base 14.
-7103
What is 233 (base 13) in base 11?
316
4012 (base 6) to base 5
11442
Convert 11202100 (base 3) to base 2.
110110001001
725 (base 9) to base 16
24e
Convert -20110002 (base 3) to base 16.
-125c
Convert 5983 (base 12) to base 9.
14680
Convert 15334 (base 7) to base 9.
5784
Convert 22000220 (base 3) to base 5.
141411
What is -3232 (base 13) in base 9?
-10504
-24302 (base 5) to base 7
-5220
Convert 43145 (base 6) to base 10.
5897
What is 26a3 (base 11) in base 3?
11210200
414 (base 8) to base 5
2033
What is -101001 (base 2) in base 9?
-45
1010012 (base 3) to base 14
423
Convert -21 (base 8) to base 4.
-101
25331 (base 6) to base 9
5181
-472 (base 10) to base 4
-13120
What is -20454 (base 7) in base 5?
-130122
Convert 2276 (base 15) to base 11.
5547
What is -1352 (base 6) in base 13?
-215
Convert 102310 (base 4) to base 11.
9a5
87511 (base 9) to base 13
20530
1001101012 (base 3) to base 8
50317
What is -102212110 (base 3) in base 6?
-104020
-12032 (base 4) to base 5
-3043
184 (base 10) to base 3
20211
-23110 (base 4) to base 12
-504
5515 (base 9) to base 3
12120112
Convert 95 (base 11) to base 8.
150
What is 1010 (base 3) in base 9?
33
-1170 (base 11) to base 16
-5f9
Convert 1001000110 (base 2) to base 12.
406
What is -84a7 (base 13) in base 2?
-100011111010101
272 (base 10) to base 14
156
What is 2c3a (base 15) in base 9?
14031
Convert 1222312 (base 4) to base 10.
6838
1163 (base 8) to base 10
627
What is 4 (base 11) in base 7?
4
-1201102 (base 4) to base 9
-8477
Convert 30398 (base 10) to base 2.
111011010111110
1101010001110 (base 2) to base 16
1a8e
2316 (base 11) to base 7
11604
Convert -86a3 (base 15) to base 2.
-110111101010111
What is 412 (base 7) in base 3?
21121
What is -10001110111111 (base 2) in base 12?
-5367
What is 8977 (base 15) in base 9?
43864
Convert 1321 (base 5) to base 10.
211
Convert e4 (base 15) to base 14.
114
Convert 5f (base 16) to base 15.
65
325 (base 6) to base 11
104
Convert -1001 (base 7) to base 16.
-158
What is 236252 (base 7) in base 15?
cb25
Convert 244 (base 12) to base 14.
1a4
26540 (base 9) to base 6
215013
What is -540 (base 9) in base 10?
-441
What is -4455 (base 8) in base 13?
-10b9
What is 500d (base 14) in base 9?
20748
What is 26a3 (base 13) in base 8?
12645
Convert -10411 (base 8) to base 16.
-1109
Convert 13656 (base 7) to base 8.
7265
Convert 637 (base 8) to base 10.
415
Convert 110101110001 (base 2) to base 7.
13014
123 (base 10) to base 12
a3
Convert 7876 (base 10) to base 11.
5a10
What is 11110001110010 (base 2) in base 10?
15474
Convert 985 (base 10) to base 12.
6a1
Convert 9720 (base 13) to base 6.
241050
What is 15024 (base 7) in base 13?
1b60
What is -12747 (base 10) in base 7?
-52110
-10340 (base 7) to base 4
-220100
-20111 (base 3) to base 8
-257
Convert 4cb (base 14) to base 5.
12323
What is 438 (base 12) in base 2?
1001101100
2011 (base 16) to base 5
230314
What is -220021 (base 3) in base 7?
-1624
22230232 (base 4) to base 10
43822
-657 (base 9) to base 16
-21a
What is -251 (base 7) in base 13?
-a4
211 (base 11) to base 4
3332
4b5 (base 12) to base 14
38d
What is -20010101 (base 3) in base 4?
-1011301
What is -e14e (base 16) in base 6?
-1123010
1010120 (base 3) to base 10
825
-2664 (base 8) to base 12
-a18
What is -5ee2 (base 15) in base 16?
-4f0d
10553 (base 7) to base 6
20232
Convert -556 (base 10) to base 14.
-2ba
Convert 340 (base 7) to base 4.
2233
What is -132560 (base 7) in base 3?
-1021021022
What is -11011000100 (base 2) in base 12?
-1004
What is -124331 (base 5) in base 15?
-1711
5246 (base 10) to base 15
184b
2184 (base 13) to base 7
16422
Wh